ide 791954?
False
Is 583052 a multiple of 4?
True
Is 10674225 a multiple of 45?
True
Is 93 a factor of 179803?
False
Is 40 a factor of 161501?
False
Is 121 a factor of 304767?
False
Does 1729 divide 2520882?
True
Does 2 divide 647410?
True
Is 34 a factor of 3977558?
True
Is 473315 a multiple of 162?
False
Does 26 divide 92092?
True
Is 38 a factor of 3883?
False
Does 148 divide 595802?
False
Is 1380540 a multiple of 5?
True
Does 101 divide 584083?
True
Is 2511096 a multiple of 28?
True
Does 585 divide 328453?
False
Is 1689020 a multiple of 395?
True
Does 5 divide 163387?
False
Does 65 divide 950178?
False
Is 13 a factor of 181837?
False
Is 158641 a multiple of 48?
False
Does 15 divide 98457?
False
Does 57 divide 234784?
False
Is 3 a factor of 117593?
False
Does 13 divide 1554241?
True
Is 8240967 a multiple of 168?
False
Is 11308723 a multiple of 17?
True
Does 9 divide 3974652?
True
Does 17 divide 1348?
False
Is 127 a factor of 231267?
True
Does 74 divide 2415998?
False
Is 12 a factor of 1712400?
True
Does 329 divide 19039574?
False
Is 32 a factor of 7537716?
False
Does 130 divide 773025?
False
Does 199 divide 13280066?
True
Is 37 a factor of 1352567?
False
Is 683495 a multiple of 223?
True
Does 51 divide 1240932?
True
Is 109 a factor of 162301?
True
Is 5746164 a multiple of 5?
False
Is 8105345 a multiple of 571?
True
Does 143 divide 601932?
False
Does 55 divide 103895?
True
Does 1208 divide 4875488?
True
Is 132871 a multiple of 139?
False
Is 2463 a multiple of 3?
True
Does 209 divide 117738?
False
Is 297441 a multiple of 82?
False
Does 159 divide 10272036?
True
Does 8 divide 4781039?
False
Does 58 divide 8063699?
False
Is 21895 a multiple of 5?
True
Does 59 divide 7260894?
True
Is 122 a factor of 2252364?
True
Is 20 a factor of 414163?
False
Does 57 divide 12966873?
True
Is 22 a factor of 17762602?
True
Does 21 divide 67095?
True
Does 139 divide 991765?
True
Is 696 a factor of 1748468?
False
Does 192 divide 283392?
True
Is 96536 a multiple of 44?
True
Is 27 a factor of 353446?
False
Does 341 divide 519684?
True
Does 82 divide 230526?
False
Is 2 a factor of 641328?
True
Is 1758512 a multiple of 98?
True
Does 3 divide 10222?
False
Does 265 divide 686725?
False
Is 33246532 a multiple of 398?
True
Does 15 divide 186870?
True
Is 10 a factor of 1714960?
True
Does 63 divide 318150?
True
Does 28 divide 178369?
False
Does 73 divide 1139968?
True
Does 104 divide 655408?
True
Is 34489886 a multiple of 19?
False
Is 14198870 a multiple of 35?
True
Is 49 a factor of 590599?
False
Does 20 divide 70504?
False
Does 8 divide 19711037?
False
Does 7 divide 5603?
False
Is 44 a factor of 135028?
False
Is 162738 a multiple of 18?
True
Is 1015816 a multiple of 326?
True
Is 174 a factor of 104088?
False
Is 1605156 a multiple of 14?
True
Is 323883 a multiple of 291?
True
Does 266 divide 4161619?
False
Is 34796 a multiple of 4?
True
Does 5 divide 1528720?
True
Is 6 a factor of 145?
False
Is 38 a factor of 4167688?
True
Is 1220 a factor of 2974814?
False
Does 163 divide 18464?
False
Does 18 divide 92250?
True
Is 831 a factor of 1630422?
True
Does 43 divide 3690044?
False
Is 223824 a multiple of 125?
False
Does 13 divide 18499247?
True
Does 10 divide 237740?
True
Is 3118583 a multiple of 13?
True
Is 682 a factor of 506044?
True
Is 12 a factor of 298256?
False
Does 11 divide 183458?
True
Is 63 a factor of 1219376?
False
Is 42 a factor of 61983?
False
Does 69 divide 502941?
True
Is 4615780 a multiple of 1046?
False
Is 10 a factor of 38569?
False
Is 678672 a multiple of 115?
False
Does 246 divide 254055?
False
Is 59 a factor of 203991?
False
Is 137 a factor of 303478?
False
Does 81 divide 664524?
True
Does 14 divide 2241040?
False
Is 996040 a multiple of 3?
False
Is 47936 a multiple of 16?
True
Is 75 a factor of 10900725?
True
Is 333126 a multiple of 27?
True
Does 581 divide 1599493?
True
Is 4 a factor of 677028?
True
Does 10 divide 918620?
True
Is 185207 a multiple of 11?
True
Is 764148 a multiple of 15?
False
Is 653 a factor of 2529032?
False
Is 6 a factor of 290784?
True
Does 1135 divide 3743230?
True
Is 5394312 a multiple of 792?
True
Is 1846598 a multiple of 10?
False
Is 544320 a multiple of 15?
True
Does 70 divide 22275259?
False
Is 859205 a multiple of 195?
False
Is 8645164 a multiple of 44?
True
Is 52 a factor of 147368?
True
Is 178 a factor of 1064440?
True
Is 15114 a multiple of 3?
True
Is 297350 a multiple of 50?
True
Is 46 a factor of 1536752?
False
Is 1358464 a multiple of 64?
True
Does 213 divide 230713?
False
Does 35 divide 139138?
False
Does 4 divide 204540?
True
Is 43 a factor of 62221?
True
Is 7693074 a multiple of 14?
False
Does 513 divide 935795?
False
Is 1287159 a multiple of 213?
True
Does 915 divide 1752498?
False
Is 159 a factor of 1205538?
True
Does 18 divide 288?
True
Is 43 a factor of 174104?
False
Is 1749175 a multiple of 25?
True
Is 760 a factor of 4197249?
False
Is 665248 a multiple of 16?
True
Does 79 divide 4598455?
False
Does 20 divide 1240340?
True
Is 21333 a multiple of 13?
True
Is 246176 a multiple of 16?
True
Does 45 divide 503190?
True
Is 27 a factor of 243216?
True
Does 10 divide 1509320?
True
Does 23 divide 434401?
True
Is 13 a factor of 89212?
False
Is 5 a factor of 3018705?
True
Does 12 divide 21954048?
True
Does 31 divide 272924?
True
Is 669 a factor of 517408?
False
Is 3095420 a multiple of 10?
True
Is 7 a factor of 318017?
True
Is 115 a factor of 122245?
True
Does 14 divide 133966?
True
Does 48 divide 30565?
False
Is 35 a factor of 190960?
True
Is 676008 a multiple of 123?
True
Is 2977 a factor of 25193837?
False
Is 308 a factor of 3755752?
True
Does 46 divide 3857410?
False
Does 543 divide 876945?
True
Does 220 divide 103840?
True
Does 173 divide 533135?
False
Is 20 a factor of 4563945?
False
Is 21747 a multiple of 34?
False
Does 16 divide 1797696?
True
Does 7 divide 5338610?
False
Is 4 a factor of 14189?
False
Does 213 divide 85957?
False
Does 233 divide 1268487?
False
Is 148 a factor of 8880?
True
Is 22781234 a multiple of 40?
False
Is 91 a factor of 75197?
False
Is 16808593 a multiple of 772?
False
Is 155578 a multiple of 10?
False
Is 657363 a multiple of 69?
True
Is 195 a factor of 692678?
False
Is 349118 a multiple of 154?
True
Does 40 divide 1605400?
True
Is 2311826 a multiple of 2?
True
Is 1110168 a multiple of 68?
True
Is 24489 a multiple of 7?
False
Is 35 a factor of 1289610?
True
Is 9 a factor of 142618?
False
Does 163 divide 42217?
True
Is 51 a factor of 191097?
True
Is 19179240 a multiple of 345?
True
Is 55 a factor of 589930?
True
Does 18 divide 28170?
True
Does 89 divide 920171?
True
Is 97 a factor of 4140410?
False
Is 8 a factor of 1178408?
True
Is 1198568 a multiple of 952?
True
Is 788558 a multiple of 879?
False
Is 114 a factor of 948473?
False
Is 243 a factor of 133893?
True
Is 74 a factor of 1038886?
True
Is 56916 a multiple of 62?
True
Is 1619275 a multiple of 125?
False
Does 4 divide 1316946?
False
Is 69660 a multiple of 45?
True
Is 47 a factor of 1562092?
True
Is 21 a factor of 2046513?
True
Is 2069609 a multiple of 3?
False
Is 304 a factor of 357504?
True
Is 5 a factor of 3504019?
False
Is 7 a factor of 144948?
False
Is 5782 a multiple of 42?
False
Is 114 a factor of 1039566?
True
Is 387777 a multiple of 61?
True
Is 9 a factor of 132480?
True
Is 20 a factor of 98520?
True
Is 100 a factor of 421500?
True
Is 65 a factor of 4228185?
True
Does 5 divide 46825?
True
Is 50 a factor of 46975?
False
Is 247842 a multiple of 147?
True
Is 794580 a multiple of 19?
True
Is 83948 a multiple of 31?
True
Is 45 a factor of 470063?
False
Does 561 divide 1010361?
True
Does 19 divide 35131?
True
Is 6 a factor of 52830?
True
Does 13 divide 196616?
False
Is 43 a factor of 4978669?
True
Is 3309398 a multiple of 13?
False
Does 413 divide 6001641?
False
Does 19 divide 306907?
True
Does 5 divide 8916?
False
Does 73 divide 315257?
False
Is 9557625 a multiple of 175?
True
Does 571 divide 6191396?
False
Does 1141 divide 7548856?
True
Is 897624 a multiple of 182?
True
Does 77 divide 1058072?
False
Does 267 divide 177555?
True
Is 205 a factor of 783707?
False
Is 2315877 a multiple of 703?
False
Does 3 divide 82320?
True
Is 1766801 a multiple of 88?
False
Does 651 divide 1785042?
True
Is 1119 a factor of 3680391?
True
Is 665 a factor o